. Let c be 2 + (-222)/t - (-8)/(-12). Suppose c*j = 22*j + 312. What is the units digit of j?
8
Let n(j) = 1458*j**2 + 3*j + 5. What is the units digit of n(-1)?
0
Suppose -112282 = -25*v - 13007. What is the hundreds digit of v?
9
Let v = -62 + 67. Suppose -3*r - v*f = -0*r + 31, -3*f = 15. What is the tens digit of (-535)/(-5) + (r - -5)/1?
1
Let z(v) = -18*v - 13. Let y(d) = -d - 4. Let h(f) = -4*f - 15. Let m(q) = -4*h(q) + 18*y(q). Let w be m(-3). What is the tens digit of z(w)?
9
Let t be (6/(-2))/(3/(-182)). Let o(g) = 8*g + 50. Let q be o(6). Let v = t - q. What is the tens digit of v?
8
Let q be (-3)/((-6)/(-13)) - (-12)/(-8). What is the tens digit of q/20 - (-1162)/5?
3
Let t(k) be the second derivative of 37*k**5/20 - k**4/6 - 2*k**3/3 - 8*k**2 + 21*k. Let h(c) be the first derivative of t(c). What is the tens digit of h(-1)?
1
Let z be -1*(-2 - (-4 + 0 + 5)). Suppose z*d - 4*b = 613, -d + 2*d - 215 = 4*b. What is the tens digit of d?
9
Let m = 16095 - 9575. What is the thousands digit of m?
6
Let i be (-446 - -2)/((-6)/(-69)*-1). Suppose 9*w = -1452 + i. What is the tens digit of w?
0
What is the tens digit of -1*16/24 - (39129/(-9) - -3)?
4
Suppose 5*c = -a + 147843, -26*a = 3*c - 28*a - 88698. Suppose -2142 = 21*r - c. What is the thousands digit of r?
1
Let j(f) = -3*f - 38. Let q be j(-11). Let k be q/(2/(-4 + 2)). Suppose -c = -2*p + 103, -2*c + 316 - 54 = k*p. What is the tens digit of p?
5
Let n = 638 + -450. What is the tens digit of (n - 100) + -8 + 1?
8
Let r(v) = -v**3 - v**2 - v - 1. Let h(x) = -5*x**3 - 2*x**2 + 3*x - 12. Let o(g) = -h(g) + 6*r(g). What is the tens digit of o(-5)?
7
Suppose 8*k - 69390 = -7*k + 52335. What is the units digit of k?
5
Let j(u) be the third derivative of -23*u**6/40 + u**5/60 + u**4/24 + u**3/6 - u**2 - 36. What is the units digit of j(-1)?
0
Suppose 0 = 20*d + 6047 + 6413. Let h = d - -1147. What is the hundreds digit of h?
5
Let p be 24/(-36) - 65/(-3). Suppose -3*o + 5*t + 1115 = 0, -20*t + p*t = o - 369. What is the units digit of o?
5
Let x be (12/(6 + -12))/((-4)/(-34)). What is the tens digit of (x/(-5) - 3)/((-1)/(-25))?
1
Let p(o) be the second derivative of -2*o**3 - 47*o**2/2 - 90*o. What is the tens digit of p(-25)?
5
Let o(b) = 16*b**2 - b + 70. Let c be o(-11). Suppose 0 = -10*u + c + 1853. What is the hundreds digit of u?
3
Suppose -5*s = -77 - 28. Suppose 3*t + t + 5*z + 17 = 0, 0 = 3*t - 3*z - s. Suppose -85 - 25 = -t*o. What is the units digit of o?
5
Let n be -1 - 15/6*80/(-25). Suppose 5*s = 5*y + 675, 2*s - 8*y + n*y = 265. What is the units digit of s?
0
Let x(p) = p**3 + 37*p**2 + 73*p - 16. Let w(s) = 11*s + 351. Let q be w(-35). What is the units digit of x(q)?
0
Suppose -36*v + 32*v + 41598 = 5*x, -3*v + 16642 = 2*x. What is the tens digit of x?
1
What is the tens digit of ((-108)/(-48))/((-11)/(-2420))?
9
What is the tens digit of 72042 + 0/(-15) + -27?
1
Suppose 4*d + 2*i = 6, -3*d - i + 2 = -2*d. What is the tens digit of (1*(-2)/7)/(d/(-1057))?
0
Suppose 5*u = 4*b - 247, 2*u = 3*b - 2*u - 186. Let d = 6 - 3. Suppose -d = -q + b. What is the tens digit of q?
6
What is the hundreds digit of 103856/2 + -89 + 109?
9
Suppose 0 = 3*m - 39 - 36. Let k = m - -20. Let z = k - -7. What is the units digit of z?
2
Suppose -2*w - d = -3*w - 43, 2*w = -2*d - 78. Let h = w + 44. What is the tens digit of h/(-12)*-4 + 37?
3
Suppose 39 = 3*b + 6. Let z(o) = 31*o - 23. What is the tens digit of z(b)?
1
Let x be ((549/6)/(3/4))/2. Let z = -55 + x. Suppose -o - 225 = -z*o. What is the units digit of o?
5
Let u = -31331 + 106203. What is the hundreds digit of u?
8
Let q(r) = 7*r + 109. Let u be q(-16). Let i(k) = -139*k - 4. What is the hundreds digit of i(u)?
4
Let z(w) = -5*w + w**2 + 2 - 1 - 3*w**2 + w**2. Let r be z(-5). What is the units digit of r/(2 - 25/15)?
3
Let s = 680 + 68. Suppose -5*i - 750 = -j, -2*j - s = -3*j + 3*i. Suppose 5*p = 5*o + j, 296 = 2*p - 3*o - o. What is the tens digit of p?
5
Suppose -3*s - 18 = -2*g, -5*s - 4*g - 29 - 1 = 0. Let c(i) = -i**3 - 5*i**2 + 2*i + 21. What is the units digit of c(s)?
5
Let n(y) = 7*y - 23. Let c(t) = -54*t**2 + t - 1. Let o be c(1). Let f = -37 - o. What is the units digit of n(f)?
6
Let b(t) be the first derivative of 26 - 6*t + t**3 - 5/2*t**2. What is the hundreds digit of b(-6)?
1
Let r(g) = -g**3 + 22*g**2 - 34*g - 172. What is the hundreds digit of r(19)?
2
Suppose g = 3*l - 13, -3*l - 3*g + 15 + 6 = 0. Suppose 2*s + 1080 = -a + 6*a, -l*a = -s - 1080. What is the units digit of a?
6
Suppose -3*y + y = z - 5, -4*y = 4*z - 20. What is the tens digit of -3 + z - 30/(-1)?
3
Let n = 5033 - -8783. What is the tens digit of n?
1
Suppose -3*s - 5*p + 58477 = 0, s - 6632 - 12887 = 5*p. What is the tens digit of s?
9
Suppose -a - 7*d = -6*d - 3333, -3*d + 6666 = 2*a. What is the units digit of a?
3
Suppose 5*v = 4*y - 1955, 5*v - 1452 = -3*y + 4*v. Suppose 5*a - y = -7*m + 2*m, 3*a - 259 = 5*m. Let u = a - 73. What is the units digit of u?
0
Suppose -3*o - 37*h + 23865 = -36*h, 5*o + 3*h - 39779 = 0. What is the tens digit of o?
5
Let m = 5522 + -1074. Let c = m + -6478. What is the units digit of c*(-5)/90 - (-2)/9?
3
What is the hundreds digit of 31/((-620)/(-8)) + (-12873)/(-5)?
5
What is the tens digit of (-93218)/(-14) + (-548)/959 + 1/7?
5
Let z(n) = 1533*n - 2224. What is the thousands digit of z(14)?
9
What is the units digit of ((-12)/(-14))/((-81)/(-671706))?
8
Suppose 0 = -10*d + 28*d - 46*d + 737268. What is the tens digit of d?
3
Let q = -285 + -846. Let j = 1649 + q. What is the hundreds digit of j?
5
Let a(j) = -771*j + 4123. What is the ten thousands digit of a(-96)?
7
Suppose -4*x + 3*a + 630 + 3298 = 0, -x + 948 = -5*a. What is the hundreds digit of x?
9
Suppose 84110 = 5*i + 3*l, -5*i = l - 114802 + 30702. What is the ten thousands digit of i?
1
Let b(d) be the second derivative of d**4/4 + 17*d**3/6 + 27*d**2 + 103*d. What is the units digit of b(-13)?
0
Let l(w) = -w - 212*w**3 - 28 - 8*w**2 + 106*w**3 + 104*w**3. What is the hundreds digit of l(-6)?
1
Let b(i) = 18*i + 2. Let x be b(-1). Let n = x + 18. Suppose 3*p + 4*o - 53 = n*p, 2*p + o - 92 = 0. What is the tens digit of p?
4
What is the tens digit of 198/(-36)*-698 + (-16)/2?
3
What is the thousands digit of 909236/828 + (-20)/18?
1
Suppose 4*v - 61111 = m + 49052, -82618 = -3*v + 5*m. What is the hundreds digit of v?
5
Let z(o) = -o**3 + 14*o**2 + 12*o - 1. Let n be z(15). Let b = 50 + n. Suppose -9*f + 70 = -b*f. What is the units digit of f?
4
Let a = -2591 - -45588. What is the thousands digit of a?
2
What is the tens digit of 120384/495*50/4?
4
Suppose -3*l + 3*r = -36, -3*l + 5*r + 68 = 10*r. What is the hundreds digit of 6*(l/(-3))/(-8) + 595?
5
Suppose 22*u = 23*u - 7. What is the hundreds digit of ((-10)/(-20))/(u/1694)?
1
Let u(s) = 40*s**2 + 18*s + 24. Let x be u(24). Suppose x = -10*i + 32*i. What is the units digit of i?
8
Let k = 14946 + -13412. What is the tens digit of k?
3
Suppose 13 - 1 = 3*y - 3*l, -y + 6 = l. Suppose 3*o - y*q = 2129, -3*q - 1421 = -2*o - 0*o. What is the units digit of o?
8
Suppose -5*k - 31664 + 255919 = -3*h, -h = -4*k + 179397. What is the thousands digit of k?
4
Suppose 51*a = 60*a + 36. What is the units digit of -1 - (-669 - (1 + 4 + a))?
9
Let q(c) = -c**3 - 5*c**2 - c**2 - 10 - 12*c - 33*c - 8*c**2 - 32*c. What is the hundreds digit of q(-10)?
3
Let h be 19/((-399)/(-8162)) - 2/(-6). Suppose -u = 3*i - 1051, -3*i - 5*u + 666 = -h. What is the units digit of i?
0
Let k(i) = -1905*i + 4514. What is the tens digit of k(-20)?
1
Let j = 6379 - 697. What is the units digit of j?
2
What is the thousands digit of ((-5493)/4)/((-147)/196)?
1
Suppose -3*c - 5*d = -21087, -2924*c = -2922*c + 5*d - 14063. What is the tens digit of c?
2
Suppose -79*z + 21 = 2*r - 78*z, 0 = 2*r + 4*z - 36. What is the tens digit of 277 - (2/r*4)/(-1)?
7
Let l = -346 - -20. Let x = -150 - l. What is the hundreds digit of x?
1
Suppose -11 - 13 = -12*u. Suppose -2*l + 129 = -5*x, -x = -u*l + x + 120. Suppose -4*j - 5*v + l = -58, -4*j + 91 = -3*v. What is the tens digit of j?
2
Let u = 111 - 109. Suppose 8 = 3*b + u*q, -16 = -0*q - 4*q. Suppose 388 = 3*k + k + 5*t, -3*k + t + 272 = b. What is the units digit of k?
2
Suppose -5*w 